e 16, what is -890 + 1a47?
11b7
In base 4, what is -13132322132 - 30?
-13132322222
In base 15, what is -2d - -42495c?
42492e
In base 13, what is 1c18 - 3ca45?
-3ab2a
In base 3, what is -20110012112 + 12120121?
-20020121221
In base 9, what is -407 + 338?
-58
In base 4, what is 132 + -20031330111?
-20031323313
In base 13, what is 26230 - -5b7?
26817
In base 6, what is -254100340 - 2?
-254100342
In base 3, what is 12010112100100 - -102?
12010112100202
In base 5, what is -112110000 - 30?
-112110030
In base 9, what is -53260 - -772?
-52377
In base 10, what is -742093 - -1404?
-740689
In base 10, what is 82633 - 33?
82600
In base 14, what is 1d3d4a - -652?
1d459c
In base 16, what is 1d35 + -339?
19fc
In base 7, what is -1354632564 + 14?
-1354632550
In base 13, what is 1 - -1b39b583?
1b39b584
In base 5, what is 14 - -143442302214?
143442302233
In base 8, what is 1 - -674012335?
674012336
In base 5, what is -214 + -3330340223?
-3330340442
In base 3, what is -1 - -220011022211?
220011022210
In base 15, what is 178419 - 9?
178410
In base 10, what is 23139 + -41956?
-18817
In base 10, what is -1238 - 35394?
-36632
In base 13, what is -51 - -165c8?
16577
In base 8, what is 2147 - 17570?
-15421
In base 11, what is -63 - 99131?
-99194
In base 7, what is -10011514 - -436?
-10011045
In base 8, what is 207761 + -40?
207721
In base 4, what is 22013132201 + -13?
22013132122
In base 16, what is -86 + a2c1e?
a2b98
In base 11, what is -3282 + -15862?
-19034
In base 4, what is -1102220113020 - -102?
-1102220112312
In base 3, what is -1201222 + 221100201?
212121202
In base 7, what is 10306661 + 26?
10310020
In base 15, what is -49 - -1a9bee?
1a9ba5
In base 8, what is 5120510 - 7?
5120501
In base 12, what is -57995b + -4?
-579963
In base 14, what is -d - -b76680?
b76671
In base 3, what is 1010220102 + 101211?
1011022020
In base 7, what is -314 - -6554?
6240
In base 11, what is 5 + 9119846?
9119850
In base 15, what is e075 - 4b?
e029
In base 10, what is -855416145 - 3?
-855416148
In base 8, what is 4551735 + 141?
4552076
In base 8, what is 4042372 + 11?
4042403
In base 3, what is -1000120211221 + -110?
-1000120212101
In base 15, what is -ca5 + -3b757?
-3c50c
In base 5, what is 23 + 144001042?
144001120
In base 15, what is 19 + 1330a6?
1330c0
In base 8, what is -6252033 + -54?
-6252107
In base 8, what is -7002 - -250727?
241725
In base 2, what is -1001101000011 + 11001011001?
-110011101010
In base 14, what is -1 - -8dc984?
8dc983
In base 4, what is 2 + -13223330332003?
-13223330332001
In base 13, what is 98b7 - -2c?
9916
In base 11, what is -539316 - 19?
-539334
In base 16, what is -4 - -23f19f?
23f19b
In base 16, what is -58 - -27c2?
276a
In base 5, what is -2024 + 1032411124?
1032404100
In base 14, what is -7a5c4 + -47?
-7a62b
In base 14, what is 3da14849 - -1?
3da1484a
In base 3, what is -200120022122 + -11221?
-200120111120
In base 13, what is -3 - 7357274?
-7357277
In base 7, what is -4053000 - 3155?
-4056155
In base 7, what is -4 - -30043161?
30043154
In base 8, what is -116607 - -627?
-115760
In base 6, what is -10 - 125443241?
-125443251
In base 13, what is -3 + -12c21760?
-12c21763
In base 8, what is -3 + -21122015?
-21122020
In base 3, what is -11122012022 + 22100?
-11121212222
In base 5, what is 142331401140 - 4?
142331401131
In base 5, what is -22413 + -10011?
-32424
In base 13, what is -15c + 628856?
6286c7
In base 6, what is 1332421133333 + -3?
1332421133330
In base 11, what is 1 - 5109531?
-5109530
In base 6, what is 45 - -10104022?
10104111
In base 6, what is 1020244101 + -2?
1020244055
In base 9, what is -2355614 - -5?
-2355608
In base 7, what is -12 - 334450136?
-334450151
In base 5, what is -14033211204 + 134?
-14033211020
In base 11, what is -56855a - 66?
-568615
In base 12, what is 15 + 4908372?
4908387
In base 8, what is 1 - 3731646?
-3731645
In base 6, what is 2 - -3441011345?
3441011351
In base 3, what is -11 + 100020121111110?
100020121111022
In base 9, what is -4 - 10522527?
-10522532
In base 11, what is 1067922 - -5?
1067927
In base 7, what is -25 - 14425100?
-14425125
In base 2, what is 0 + 1000001001011000011001?
1000001001011000011001
In base 13, what is 2b + -30645?
-30617
In base 15, what is 5d + -1bb87?
-1bb29
In base 13, what is 69 + -43a865?
-43a7c9
In base 5, what is 4323 - -1244?
11122
In base 16, what is -11073 + 25?
-1104e
In base 11, what is -329a06 - 1?
-329a07
In base 10, what is -8922794 - 5?
-8922799
In base 4, what is 3032 + -21030322?
-21021230
In base 13, what is 4 + -15666908?
-15666904
In base 5, what is 203301 + -1424324?
-1221023
In base 8, what is 74 - 24213?
-24117
In base 16, what is -787d - 3de1?
-b65e
In base 15, what is 1 + a19aa3?
a19aa4
In base 2, what is -101 + -1010111011000?
-1010111011101
In base 7, what is -365314061 - 1?
-365314062
In base 13, what is 394844 + 5?
394849
In base 14, what is -26b2a + -37a?
-270a6
In base 14, what is 10306417 - 0?
10306417
In base 16, what is -7e + -67f6?
-6874
In base 9, what is 266387 - -6?
266404
In base 15, what is 6999 - 72?
6927
In base 13, what is 210 - -7927?
7b37
In base 11, what is 5711 + 1aa4a?
25660
In base 15, what is -1e + 1cd74b?
1cd72c
In base 16, what is -9809 + 513?
-92f6
In base 3, what is 121202012112 - -122?
121202020011
In base 13, what is -34a6237c + -5?
-34a62384
In base 13, what is 3 + 760c90?
760c93
In base 2, what is 110111100100100100110110 + 10101?
110111100100100101001011
In base 8, what is 140 + -7170?
-7030
In base 13, what is 2298 + 6b6a?
9135
In base 5, what is -2010 + -1344212232?
-1344214242
In base 13, what is -a0390 + -65?
-a0425
In base 16, what is -1 + -37e92f?
-37e930
In base 10, what is -66837940 + -4?
-66837944
In base 12, what is 21 + -1211a1?
-121180
In base 3, what is 12101212 - -1112212?
20221201
In base 4, what is 23 - 33331120001?
-33331113312
In base 15, what is 137c76 - a1?
137bc5
In base 11, what is 159 - 77546?
-77398
In base 3, what is 1200122100 + -212200?
1122202200
In base 9, what is 0 - 4472643?
-4472643
In base 9, what is -11 + 32612586?
32612575
In base 14, what is -39c3 - 2b5?
-3c98
In base 6, what is -34524 + -20121?
-55045
In base 7, what is 606 - -604613?
605522
In base 11, what is -379 + -19068?
-19436
In base 7, what is -223243 + 120?
-223123
In base 10, what is 43 - -102575?
102618
In base 6, what is -4 + 311211453?
311211445
In base 6, what is 550341324 - 2?
550341322
In base 15, what is -53 - 6444c?
-644a0
In base 3, what is 22 + 100222202112002?
100222202112101
In base 5, what is -13321034 + 1424?
-13314110
In base 3, what is -2 - 1022022022111111?
-1022022022111120
In base 6, what is 120 + -103353542?
-103353422
In base 5, what is -4402221213 + -13?
-4402221231
In base 12, what is -13b70967 + -3?
-13b7096a
In base 4, what is 130 + -11223313?
-11223123
In base 8, what is -612 - -2755?
2143
In base 14, what is 2396a - 3b6b?
1dbdd
In base 10, what is 74327 - 405?
73922
In base 8, what is -125 + 3503334?
3503207
In base 12, what is 5 + 23267?
23270
In base 11, what is -15253 + -1986?
-17129
In base 11, what is -58 + 159404a?
1593aa2
In base 16, what is 5f - -1e2ff?
1e35e
In base 8, what is 25006564 + -32?
25006532
In base 8, what is -76122 + 6?
-76114
In base 4, what is 12 - -103133001321?
103133001333
In base 15, what is 2a94c + 217?
2ab64
In base 13, what is -1c7948 + -158?
-1c7aa3
In base 10, what is -112077 + 240?
-111837
In base 9, what is -20551866 + -73?
-20552050
In base 9, what is 100 + 108522?
108622
In base 9, what is 6 - -301746750?
301746756
In base 4, what is 131222212200 + 1230?
131222220030
In base 16, what is 6c2 + 566e?
5d30
In base 4, what is 3322112010 - -3132?
3322121202
In base 7, what is -1051002 + 23?
-1050646
In base 13, what is 6a343 - -238?
6a57b
In base 5, what is -1211220342 - 2?
-1211220344
In base 7, what is -10 - -3542611?
3542601
In base 12, what is 262b7b1 - 23?
262b78a
In base 16, what is -19 - 168dd?
-168f6
In base 14, what is -3aca28 - -1?
-3aca27
In base 6, what is 5350414 - -20?
5350434
In base 6, what is 25415 + -144114?
-114255
In base 14, what is dd5b - 22c4?
ba77
In base 12, what is -4ab632 + -1?
-4ab633
In base 15, what is -5730 - -b0?
-5670
In base 10, what is -4 + 13436734?
13436730
In base 6, what is -33441 + 5132005?
5054124
In base 9, what is 410 - -260817?